et a be (-1 + 0)*0/(-3). Suppose 6*v + 77 = 1079. Suppose -2*m - 5*y + v + 190 = a, 960 = 5*m - y. Is m a prime number?
True
Suppose 8*t - 3*t + 1955 = 0. Let s = 460 - t. Is s a composite number?
True
Is (1/3)/((-16)/(-154704)) a composite number?
True
Suppose -2*x + 29 - 23 = 0. Suppose 4*v = -h + 391, 2*h + x*v + 370 = 3*h. Is h prime?
True
Suppose 96 = 2*t + 2*r - 0*r, -2*r - 168 = -4*t. Let j = t + -24. Let l = 99 - j. Is l a composite number?
False
Suppose -b + 2*b = 5*r - 27, -10 = -2*r. Let j(n) = 23*n**2 + 3*n + 3. Is j(b) a prime number?
True
Suppose -2*d = 5*r - 144855, 50*d = r + 54*d - 28953. Is r a prime number?
False
Is ((-492)/48)/(3/((-252)/3)) prime?
False
Suppose -2*n = -7*n - 4940. Let g = 51 - n. Is g prime?
True
Let y be 2/(6/21 - 0). Suppose -1 - y = 2*m. Is 1028/28 + m/(-14) composite?
False
Let b(o) be the second derivative of o**5/20 + 5*o**4/6 + 5*o**3/3 + 11*o**2/2 - 4*o. Let z be b(-9). Suppose z*d - 212 = -2*d. Is d composite?
False
Let p(x) be the third derivative of -349*x**4/8 + 7*x**3/6 - 11*x**2. Let y be p(-3). Suppose 8*j = 4*j + y. Is j prime?
True
Suppose 3*o + 16 = -4*c + 5*c, 12 = c - 2*o. Let t be 2060/10*2/c. Let l = t - 24. Is l a prime number?
True
Is (-966714)/28*(-4)/6 prime?
True
Suppose -7*i - 48 = -11*i. Suppose 4*n - n = i. Suppose -h = n*h - 790. Is h a composite number?
True
Let l be (-2036)/(-10) - 8/(-20). Suppose -61 + l = d. Is d composite?
True
Let z(q) be the first derivative of q**4/2 + 2*q**3/3 - 3*q**2/2 + 4*q + 9. Let f be (-2 + -1)/(2/(-2)). Is z(f) a prime number?
True
Suppose -4*n + 11702 = -0*n + 2*i, 0 = 5*n + 5*i - 14620. Is n a prime number?
True
Let a = -5933 - -9762. Is a prime?
False
Let c be (266 - 12)*(-1)/2. Let u = -48 - c. Is u composite?
False
Let y(o) = 61738*o**2 + 9*o - 6. Is y(1) a composite number?
True
Let g be ((-96738)/126 - (-6)/14)*-6. Suppose -25*w + g = -21*w. Is w prime?
True
Let u(v) = -130*v - 117. Is u(-29) a prime number?
False
Let c(q) = 4*q**2 + 0 + 137*q**2 - 2 + 3. Is c(-2) a prime number?
False
Let u = -2 - -2. Let w(q) = 3*q**2 - 3*q + 151. Let t(a) = -a**2 + a + 1. Let p(m) = 4*t(m) + w(m). Is p(u) a prime number?
False
Is -2*(295638/210)/((-2)/5) a prime number?
True
Let a(d) = d**3 + 17*d**2 - 4*d - 9. Let g(f) = -f**3 - 6*f**2 + 6*f - 14. Let l be g(-7). Is a(l) composite?
False
Suppose 5*j = 0, -j - 30 = 3*r + 3*j. Let t be (-2)/5 + (-24)/r. Is -1 - -1 - t - -69 composite?
False
Let v = -934 - -2123. Is v prime?
False
Let b be (-2)/(-4) - (-5)/10. Let z be (b - -3)*193/2. Suppose 1089 = 5*l - z. Is l a composite number?
True
Suppose 0 = -l - 4*l - m + 14480, l + 3*m - 2896 = 0. Let n = 4397 - l. Is n prime?
False
Let k = -171 + 328. Let b = 654 - k. Is b a composite number?
True
Let b = 11 + -7. Let d(t) = -13 - b*t - 5*t - 5*t. Is d(-10) a prime number?
True
Let h = -10 + 19. Let d = 0 - h. Is 39/d*(-5 + -1) a prime number?
False
Suppose 12070 = 5*h + 2*r - 3*r, -4*h + 9627 = 5*r. Is h composite?
True
Suppose -5*f + 18 + 2 = 0. Suppose 11394 - 1118 = f*a. Suppose -924 + a = 5*r. Is r composite?
True
Let u(d) = 158*d + 123. Is u(25) a prime number?
True
Suppose -40 = -2*u + 4*q, 2*u + q - 6 - 9 = 0. Suppose -u*z + 317 = -1793. Is z a composite number?
False
Let f be 10/4 + (-15)/(-6). Suppose f*p + 2*o - 819 = 0, 3*p = 3*o + 149 + 334. Is p composite?
False
Suppose 5*f - 103 = 4*c, -3*f - 4*c + 0*c + 49 = 0. Suppose -3*v - 3*g + 24 = 0, 2*g = -2*g - 20. Let t = f - v. Is t composite?
True
Suppose 0 = 4*q - 11 - 1. Suppose -q*i = -9*i + 5010. Is i composite?
True
Let q be 50/4*9/((-180)/(-368)). Let h = 739 - q. Is h a prime number?
True
Let v(b) = 263*b**2 - 13*b - 13. Is v(-6) a composite number?
False
Let g(p) = p**2 + 4*p + 14. Let k be (-1)/((-3)/15*1). Suppose -3*m - 35 = -k*r, 0*r + 24 = -2*m + 4*r. Is g(m) a prime number?
False
Suppose 6*q + 2 = -4. Is (1 - 224)/(1*1/q) composite?
False
Suppose 2*m - 5*s - 2388 = 0, -5*m = -5*s - 2221 - 3734. Is m composite?
True
Let h = -12290 - -22257. Is h composite?
False
Is 1438*-1*39/(-26) composite?
True
Is -9 + 6 + (-1 - -6629*7) a prime number?
True
Suppose 5*b - 13 = 2. Is (-382)/(0 - (-1 + b)) composite?
False
Let y be 1*-8*12/(-24). Suppose 8*d + y*d - 444 = 0. Is d composite?
False
Suppose 7*u - 6*u - 30 = 0. Let s = u + -16. Is (-4)/s - 1040/(-14) composite?
True
Suppose -3*j = -3*i - 7431, -i + 12397 = -j + 6*j. Is j a prime number?
False
Let q(w) = 5*w**2 + 15*w + 15. Let l be q(-10). Suppose -3*c = 3*m + 426, 4*m - 2*c = c - 547. Let u = m + l. Is u a composite number?
True
Let j be (-4)/2*-2 - -5. Is (3/(-2))/(j/(-228)) a composite number?
True
Let f(q) = 113*q**2 + 6*q. Let k be f(3). Let w = k + 1118. Is w prime?
True
Suppose 0 = -4*m + 51*i - 55*i + 110916, -m - 4*i + 27723 = 0. Is m prime?
False
Suppose -2*q - 2*q = -4*u + 6824, 0 = -4*q + 4. Let j = -640 + u. Is j composite?
True
Let v = 129 + 228. Suppose -v = -5*l - 2*l. Is l a prime number?
False
Suppose -4*d - 11 = -5*d. Let a = d + -4. Is a a composite number?
False
Let f(t) = -72*t - 97. Is f(-7) a composite number?
True
Suppose -v = -2*d + 41329, -3*d + 3*v + 66087 = 4089. Is d a prime number?
True
Let c be (4/(-6))/((-7)/42). Suppose -2*t = -3*g - c, -19 = 5*t + 5*g - 4. Is ((-24)/8)/(t/89) prime?
False
Let i(q) = q - 5. Let j be i(7). Suppose -3*z = -5*c - 1138, 2*z + j*c = -c + 727. Is z composite?
True
Suppose -5*v + 29 = -11. Let t be 3 + 1 + 1 + -5. Suppose 3*n - v - 10 = t. Is n a prime number?
False
Suppose -8 = 4*b - 0*b. Is -2 - (b - -2) - (-18355)/5 composite?
True
Suppose k = -4*f + 2*k - 2534, 4*k + 1258 = -2*f. Is (132/(-48))/(-1 - f/636) a composite number?
True
Suppose -295*j + 289*j = -90078. Is j a composite number?
False
Suppose 5*p = -4*y + 1236, -y - 3*p + 4*p + 318 = 0. Suppose -4*g - i + 2*i = -3135, -2358 = -3*g + 3*i. Let q = g - y. Is q a composite number?
True
Let c be 68/(0 + ((-39)/(-42) - 1)). Suppose 5*z = -7386 - 2289. Let s = c - z. Is s composite?
False
Let w be 3*(1929/9 + 0). Suppose w - 37 = -2*m. Let h = 622 + m. Is h a prime number?
False
Suppose 7336 = 3*d + h, 15*h = d + 10*h - 2472. Is d a prime number?
True
Let a(m) = 0*m + 2*m - 4*m - 7 - 3. Let s be a(-12). Let v = 5 + s. Is v composite?
False
Suppose -3*q + 5350 = h, 4*h = 2*q - 0*q - 3562. Is q a prime number?
True
Suppose 0 = -q + 2*q + 3. Let b be (-3 - -9)*1 + q. Suppose b*n + n = 268. Is n a composite number?
False
Let y(j) = -j**2 + 3*j + 32. Let k be y(6). Let w = 10 - 14. Let s = k + w. Is s a composite number?
True
Let m = -2171 + 3892. Suppose -3*i + m = -1486. Is i a composite number?
False
Let g be (-5)/(-10) + (-6)/(-4). Suppose -g*q = 96 + 304. Let r = q - -847. Is r a prime number?
True
Let c(w) = 2*w**2 + 8*w + 11. Let l be c(12). Let d = -222 + l. Suppose -2*k - 163 = -3*v - 3*k, 4*k = 3*v - d. Is v a prime number?
False
Is 83603/(-65)*-5 + -10 a composite number?
False
Let w = -22 + 26. Suppose -7*c = -w*c - 6387. Is c composite?
False
Let m = 36559 + -20772. Is m a composite number?
False
Let p(u) be the third derivative of u**6/120 - 2*u**5/15 + u**4/12 - 11*u**3/6 - 3*u**2. Let n be p(8). Suppose 0 = -2*g + n + 183. Is g a prime number?
False
Let b = 6678 + -3289. Is b a prime number?
True
Let j(d) = 389*d**3 - d**2 + 1. Let a be j(-1). Let n = a + 868. Is n composite?
False
Suppose 20627 = 4*l + 5863. Is l a prime number?
True
Let s(w) = w**3 - 4*w**2 - 4*w - 86. Let v(l) = -l**3 + 3*l**2 + 3*l + 87. Suppose -2*a - 20 = -7*a. Let q(b) = a*s(b) + 5*v(b). Is q(0) a prime number?
False
Let p = 740 - 1236. Let g = 252 - 457. Let w = g - p. Is w a composite number?
True
Suppose 31*y = 32*y + 21. Is -2*(-5)/35 + (-813)/y a prime number?
False
Let s be 190/(-15)*15/(-10). Let y(g) = -g**3 + 18*g**2 + 22*g + 10. Is y(s) a composite number?
False
Let x = -19 - -3. Let i be ((-44)/x - 3)*4. Let k(s) = -252*s - 1. Is k(i) a prime number?
True
Suppose -125*r = -129*r + 868. Is r a prime number?
False
Let l = 31 + -29. Suppose -5*c = a - 4759, 2*c + 2*a = -l*a + 1918. Is c prime?
False
Let c = 896 - -214. Let a = -784 + c. Is a a composite number?
True
Suppose 4*r + 32 = -4*r. Is (-3)/6*-6*(r - -51) prime?
False
Suppose 0 = 5*q - 10*q + 4030. Suppose 0 = -a + t + q, -a - t + 4048 = 4*a. Let y = -288 + a. Is y 